{"id":10615,"date":"2023-04-05T17:03:07","date_gmt":"2023-04-05T15:03:07","guid":{"rendered":"https:\/\/educacion.ietres.com\/?post_type=product&#038;p=10615"},"modified":"2024-04-24T13:16:16","modified_gmt":"2024-04-24T11:16:16","slug":"v7-armario-de-carga-usb-c-para-30-dispositivos","status":"publish","type":"product","link":"https:\/\/educacion.ietres.com\/ca\/ref\/v7-armario-de-carga-usb-c-para-30-dispositivos\/","title":{"rendered":"V7 Armari de c\u00e0rrega USB-C per a 30 dispositius"},"content":{"rendered":"<p>El carro de c\u00e0rrega USB-C PD \u00e9s la soluci\u00f3 perfecta per a emmagatzemar i carregar fins a 30 dispositius, i compta amb un sistema de c\u00e0rrega intel\u00b7ligent i eficient que protegeix contra sobrec\u00e0rregues. Ve completament assemblat i precablejat, i compta amb ranures numerades per a dispositius i gesti\u00f3 de cables integrada. A m\u00e9s, t\u00e9 portes amb mecanisme de bloqueig de 3 punts i rodes de goma d'alta qualitat per a facilitar la mobilitat.<\/p>\n<p>Les prestatgeries numerades i els separadors permeten emmagatzemar i retirar f\u00e0cilment qualsevol Chromebook, port\u00e0til o tauleta amb pantalles de fins a 15,6\u201d. El sistema de c\u00e0rrega USB-C Power Delivery de fins a 65 watts permet carregar tots els dispositius des d'un sol endoll, mentre que el subministrament d'energia integrat i la gesti\u00f3 de cables mantenen tot organitzat. Amb l'opci\u00f3 d'afegir un cadenat propi per a major seguretat, aquest carro de c\u00e0rrega \u00e9s l'opci\u00f3 ideal per a una implementaci\u00f3 i \u00fas r\u00e0pids.<\/p>\n<p>La mobilitat silenciosa i f\u00e0cil de maniobrar \u00e9s proporcionada per rodes de goma d'alta qualitat, dues d'elles amb frens, i anses encastades. A m\u00e9s, est\u00e0 constru\u00eft amb materials duradors com l'acer laminat en fred d'alta qualitat de calibre 18. Amb el carro de c\u00e0rrega USB-C PD, no sols estalviar\u00e0 temps i espai, sin\u00f3 que tamb\u00e9 estar\u00e0 segur i organitzat. Caracter\u00edstiques principals:<br \/>\n\u2022 Organitza i carrega fins a 30 dispositius de fins a 17\u201d<br \/>\n\u2022 Ports de c\u00e0rrega SCHUKO per a connectar els carregadors<br \/>\n\u2022 3 baldes lliscants amb separadors<br \/>\n\u2022 Portes d'acer amb mecanisme de bloqueig amb pany<br \/>\n\u2022 Rodes de 5\u201d amb frens i bloqueig de direcci\u00f3<br \/>\n\u2022 Tirador d'embranzida per a millor mobilitat<\/p>","protected":false},"excerpt":{"rendered":"<p>El carro de c\u00e0rrega USB-C precablejat ve completament muntat i llest per a un r\u00e0pid desplegament. Perfecte per a l'\u00fas educatiu, estalviant temps i amb cop d'ull de c\u00e0rrega f\u00e0cil per a la concentraci\u00f3 dels professors a l'aula. \u00c9s compatible per a port\u00e0tils de fins a 15,6\u201d amb capacitat de 30 dispositius.<\/p>\n<p class=\"shipping-cons\">Lliurament a peu de carrer.<\/p>","protected":false},"featured_media":10496,"template":"","meta":{"_uag_custom_page_level_css":"","site-sidebar-layout":"default","site-content-layout":"default","ast-global-header-display":"","ast-main-header-display":"","ast-hfb-above-header-display":"","ast-hfb-below-header-display":"","ast-hfb-mobile-header-display":"","site-post-title":"","ast-breadcrumbs-content":"","ast-featured-img":"","footer-sml-layout":"","theme-transparent-header-meta":"default","adv-header-id-meta":"","stick-header-meta":"default","header-above-stick-meta":"","header-main-stick-meta":"","header-below-stick-meta":""},"product_cat":[518,165],"product_tag":[],"uagb_featured_image_src":{"full":["https:\/\/educacion.ietres.com\/wp-content\/uploads\/2023\/04\/CHGCT30USBCPD-1E_01.jpg",800,800,false],"thumbnail":["https:\/\/educacion.ietres.com\/wp-content\/uploads\/2023\/04\/CHGCT30USBCPD-1E_01-150x150.jpg",150,150,true],"medium":["https:\/\/educacion.ietres.com\/wp-content\/uploads\/2023\/04\/CHGCT30USBCPD-1E_01-300x300.jpg",300,300,true],"medium_large":["https:\/\/educacion.ietres.com\/wp-content\/uploads\/2023\/04\/CHGCT30USBCPD-1E_01-768x768.jpg",768,768,true],"large":["https:\/\/educacion.ietres.com\/wp-content\/uploads\/2023\/04\/CHGCT30USBCPD-1E_01.jpg",800,800,false],"1536x1536":["https:\/\/educacion.ietres.com\/wp-content\/uploads\/2023\/04\/CHGCT30USBCPD-1E_01.jpg",800,800,false],"2048x2048":["https:\/\/educacion.ietres.com\/wp-content\/uploads\/2023\/04\/CHGCT30USBCPD-1E_01.jpg",800,800,false],"trp-custom-language-flag":["https:\/\/educacion.ietres.com\/wp-content\/uploads\/2023\/04\/CHGCT30USBCPD-1E_01-12x12.jpg",12,12,true],"woocommerce_thumbnail":["https:\/\/educacion.ietres.com\/wp-content\/uploads\/2023\/04\/CHGCT30USBCPD-1E_01-300x300.jpg",300,300,true],"woocommerce_single":["https:\/\/educacion.ietres.com\/wp-content\/uploads\/2023\/04\/CHGCT30USBCPD-1E_01-600x600.jpg",600,600,true],"woocommerce_gallery_thumbnail":["https:\/\/educacion.ietres.com\/wp-content\/uploads\/2023\/04\/CHGCT30USBCPD-1E_01-100x100.jpg",100,100,true]},"uagb_author_info":{"display_name":"Edgar Hidalgo","author_link":"https:\/\/educacion.ietres.com\/ca\/author\/"},"uagb_comment_info":0,"uagb_excerpt":"El carro de carga USB-C precableado viene completamente montado y listo para un r\u00e1pido despliegue. Perfecto para el uso educativo, ahorrando tiempo y con vistazo de carga f\u00e1cil para la concentraci\u00f3n de los profesores en el aula. Es compatible para port\u00e1tiles de hasta 15,6\u201d con capacidad de 30 dispositivos. Entrega a pie de calle.","_links":{"self":[{"href":"https:\/\/educacion.ietres.com\/ca\/wp-json\/wp\/v2\/product\/10615"}],"collection":[{"href":"https:\/\/educacion.ietres.com\/ca\/wp-json\/wp\/v2\/product"}],"about":[{"href":"https:\/\/educacion.ietres.com\/ca\/wp-json\/wp\/v2\/types\/product"}],"wp:featuredmedia":[{"embeddable":true,"href":"https:\/\/educacion.ietres.com\/ca\/wp-json\/wp\/v2\/media\/10496"}],"wp:attachment":[{"href":"https:\/\/educacion.ietres.com\/ca\/wp-json\/wp\/v2\/media?parent=10615"}],"wp:term":[{"taxonomy":"product_cat","embeddable":true,"href":"https:\/\/educacion.ietres.com\/ca\/wp-json\/wp\/v2\/product_cat?post=10615"},{"taxonomy":"product_tag","embeddable":true,"href":"https:\/\/educacion.ietres.com\/ca\/wp-json\/wp\/v2\/product_tag?post=10615"}],"curies":[{"name":"wp","href":"https:\/\/api.w.org\/{rel}","templated":true}]}}

V7 Armari de càrrega USB-C per a 30 dispositius

<p>El carro de càrrega USB-C PD és la solució perfecta per a emmagatzemar i carregar fins a 30 dispositius, i compta amb un sistema de càrrega intel·ligent i eficient que protegeix contra sobrecàrregues. Ve completament assemblat i precablejat, i compta amb ranures numerades per a dispositius i gestió de cables integrada. A més, té portes amb mecanisme de bloqueig de 3 punts i rodes de goma d'alta qualitat per a facilitar la mobilitat.</p>
<p>Les prestatgeries numerades i els separadors permeten emmagatzemar i retirar fàcilment qualsevol Chromebook, portàtil o tauleta amb pantalles de fins a 15,6”. El sistema de càrrega USB-C Power Delivery de fins a 65 watts permet carregar tots els dispositius des d'un sol endoll, mentre que el subministrament d'energia integrat i la gestió de cables mantenen tot organitzat. Amb l'opció d'afegir un cadenat propi per a major seguretat, aquest carro de càrrega és l'opció ideal per a una implementació i ús ràpids.</p>
<p>La mobilitat silenciosa i fàcil de maniobrar és proporcionada per rodes de goma d'alta qualitat, dues d'elles amb frens, i anses encastades. A més, està construït amb materials duradors com l'acer laminat en fred d'alta qualitat de calibre 18. Amb el carro de càrrega USB-C PD, no sols estalviarà temps i espai, sinó que també estarà segur i organitzat. Característiques principals:<br />
• Organitza i carrega fins a 30 dispositius de fins a 17”<br />
• Ports de càrrega SCHUKO per a connectar els carregadors<br />
• 3 baldes lliscants amb separadors<br />
• Portes d'acer amb mecanisme de bloqueig amb pany<br />
• Rodes de 5” amb frens i bloqueig de direcció<br />
• Tirador d'embranzida per a millor mobilitat</p>

<p>El carro de càrrega USB-C precablejat ve completament muntat i llest per a un ràpid desplegament. Perfecte per a l'ús educatiu, estalviant temps i amb cop d'ull de càrrega fàcil per a la concentració dels professors a l'aula. És compatible per a portàtils de fins a 15,6” amb capacitat de 30 dispositius.</p>
<p class="shipping-cons">Lliurament a peu de carrer.</p>

El carro de carga USB-C precableado viene completamente montado y listo para un rápido despliegue. Perfecto para el uso educativo, ahorrando tiempo y con vistazo de carga fácil para la concentración de los profesores en el aula. Es compatible para portátiles de hasta 15,6” con capacidad de 30 dispositivos. Entrega a pie de calle.
