{"id":10407,"date":"2023-03-30T10:53:49","date_gmt":"2023-03-30T08:53:49","guid":{"rendered":"https:\/\/educacion.ietres.com\/?post_type=product&#038;p=10407"},"modified":"2025-04-04T12:45:51","modified_gmt":"2025-04-04T10:45:51","slug":"v7-mochila-elite-slim-para-portatiles-de-14","status":"publish","type":"product","link":"https:\/\/educacion.ietres.com\/ca\/ref\/v7-mochila-elite-slim-para-portatiles-de-14\/","title":{"rendered":"V7 Motxilla Elit Slim per a port\u00e0tils de 14\u2033"},"content":{"rendered":"<p>La motxilla Slim de 14\u2033 per a port\u00e0til \u00e9s elegant i duradora, i compta amb material resistent a la intemp\u00e8rie. A m\u00e9s, t\u00e9 un compartiment embuatat per a port\u00e0tils que mant\u00e9 els teus dispositius segurs i protegits.<\/p>\n<p>La part posterior de la motxilla est\u00e0 embuatada, la qual cosa la fa c\u00f2moda de portar durant tot el dia. A m\u00e9s, la motxilla Slim t\u00e9 tres compartiments oberts amb cremallera: un per a llibres o roba, un altre com a organitzador\/estaci\u00f3 de treball i un tercer compartiment principal d'acc\u00e9s r\u00e0pid per a tenir el que necessites a m\u00e0.<\/p>\n<p>La motxilla Slim tamb\u00e9 incorpora dos porta ampolles d'aigua perqu\u00e8 puguis mantenir les mans lliures mentre et desplaces. Ja sigui que siguis a la ciutat o de viatge, aquesta motxilla \u00e9s una excel\u00b7lent opci\u00f3 per a portar amb tu tot el que necessites de manera c\u00f2moda i segura. Caracter\u00edstiques principals:<br \/>\n\u2022 Disseny elegant i amb materials d'alta qualitat<br \/>\n\u2022 Teixit ecol\u00f2gic, compartiment d'escuma multicapa, butxaca per a RFID<br \/>\n\u2022 Corretges contornejades i ajustables per a les espatlles, amb control d'humitat i filtre d'aire<br \/>\n\u2022 Ampli espai d'emmagatzematge en el compartiment principal amb cremallera, per a guardar carpetes, llibres o carregadors<br \/>\n\u2022 Cinta per a trolley per a acoblar-la al teu equipatge en els teus viatges<br \/>\n\u2022 2 butxaques laterals de reixeta per a l'ampolla d'aigua o el paraigua<\/p>","protected":false},"excerpt":{"rendered":"<p>La motxilla Elit Slim incorpora un compartiment \u00fanic i segur per a guardar port\u00e0tils de fins a 14\u201d. A la part davantera t\u00e9 un compartiment perfecte per a guardar llibres, accessoris i m\u00e9s. F\u00e0cil i c\u00f2moda de portar en el dia a dia de l'estudiant.<\/p>","protected":false},"featured_media":10382,"template":"","meta":{"_uag_custom_page_level_css":"","site-sidebar-layout":"default","site-content-layout":"default","ast-global-header-display":"","ast-main-header-display":"","ast-hfb-above-header-display":"","ast-hfb-below-header-display":"","ast-hfb-mobile-header-display":"","site-post-title":"","ast-breadcrumbs-content":"","ast-featured-img":"","footer-sml-layout":"","theme-transparent-header-meta":"default","adv-header-id-meta":"","stick-header-meta":"default","header-above-stick-meta":"","header-main-stick-meta":"","header-below-stick-meta":""},"product_cat":[15],"product_tag":[],"uagb_featured_image_src":{"full":["https:\/\/educacion.ietres.com\/wp-content\/uploads\/2023\/03\/CBX14_01.jpg",800,800,false],"thumbnail":["https:\/\/educacion.ietres.com\/wp-content\/uploads\/2023\/03\/CBX14_01-150x150.jpg",150,150,true],"medium":["https:\/\/educacion.ietres.com\/wp-content\/uploads\/2023\/03\/CBX14_01-300x300.jpg",300,300,true],"medium_large":["https:\/\/educacion.ietres.com\/wp-content\/uploads\/2023\/03\/CBX14_01-768x768.jpg",768,768,true],"large":["https:\/\/educacion.ietres.com\/wp-content\/uploads\/2023\/03\/CBX14_01.jpg",800,800,false],"1536x1536":["https:\/\/educacion.ietres.com\/wp-content\/uploads\/2023\/03\/CBX14_01.jpg",800,800,false],"2048x2048":["https:\/\/educacion.ietres.com\/wp-content\/uploads\/2023\/03\/CBX14_01.jpg",800,800,false],"trp-custom-language-flag":["https:\/\/educacion.ietres.com\/wp-content\/uploads\/2023\/03\/CBX14_01-12x12.jpg",12,12,true],"woocommerce_thumbnail":["https:\/\/educacion.ietres.com\/wp-content\/uploads\/2023\/03\/CBX14_01-300x300.jpg",300,300,true],"woocommerce_single":["https:\/\/educacion.ietres.com\/wp-content\/uploads\/2023\/03\/CBX14_01-600x600.jpg",600,600,true],"woocommerce_gallery_thumbnail":["https:\/\/educacion.ietres.com\/wp-content\/uploads\/2023\/03\/CBX14_01-100x100.jpg",100,100,true]},"uagb_author_info":{"display_name":"Edgar Hidalgo","author_link":"https:\/\/educacion.ietres.com\/ca\/author\/"},"uagb_comment_info":0,"uagb_excerpt":"La mochila Elite Slim incorpora un compartimiento \u00fanico y seguro para guardar port\u00e1tiles de hasta 14\u201d. En la parte delantera tiene un compartimiento perfecto para guardar libros, accesorios m\u00e1s. F\u00e1cil y c\u00f3moda de llevar en el d\u00eda a d\u00eda del estudiante.","_links":{"self":[{"href":"https:\/\/educacion.ietres.com\/ca\/wp-json\/wp\/v2\/product\/10407"}],"collection":[{"href":"https:\/\/educacion.ietres.com\/ca\/wp-json\/wp\/v2\/product"}],"about":[{"href":"https:\/\/educacion.ietres.com\/ca\/wp-json\/wp\/v2\/types\/product"}],"wp:featuredmedia":[{"embeddable":true,"href":"https:\/\/educacion.ietres.com\/ca\/wp-json\/wp\/v2\/media\/10382"}],"wp:attachment":[{"href":"https:\/\/educacion.ietres.com\/ca\/wp-json\/wp\/v2\/media?parent=10407"}],"wp:term":[{"taxonomy":"product_cat","embeddable":true,"href":"https:\/\/educacion.ietres.com\/ca\/wp-json\/wp\/v2\/product_cat?post=10407"},{"taxonomy":"product_tag","embeddable":true,"href":"https:\/\/educacion.ietres.com\/ca\/wp-json\/wp\/v2\/product_tag?post=10407"}],"curies":[{"name":"wp","href":"https:\/\/api.w.org\/{rel}","templated":true}]}}

V7 Motxilla Elit Slim per a portàtils de 14″

<p>La motxilla Slim de 14″ per a portàtil és elegant i duradora, i compta amb material resistent a la intempèrie. A més, té un compartiment embuatat per a portàtils que manté els teus dispositius segurs i protegits.</p>
<p>La part posterior de la motxilla està embuatada, la qual cosa la fa còmoda de portar durant tot el dia. A més, la motxilla Slim té tres compartiments oberts amb cremallera: un per a llibres o roba, un altre com a organitzador/estació de treball i un tercer compartiment principal d'accés ràpid per a tenir el que necessites a mà.</p>
<p>La motxilla Slim també incorpora dos porta ampolles d'aigua perquè puguis mantenir les mans lliures mentre et desplaces. Ja sigui que siguis a la ciutat o de viatge, aquesta motxilla és una excel·lent opció per a portar amb tu tot el que necessites de manera còmoda i segura. Característiques principals:<br />
• Disseny elegant i amb materials d'alta qualitat<br />
• Teixit ecològic, compartiment d'escuma multicapa, butxaca per a RFID<br />
• Corretges contornejades i ajustables per a les espatlles, amb control d'humitat i filtre d'aire<br />
• Ampli espai d'emmagatzematge en el compartiment principal amb cremallera, per a guardar carpetes, llibres o carregadors<br />
• Cinta per a trolley per a acoblar-la al teu equipatge en els teus viatges<br />
• 2 butxaques laterals de reixeta per a l'ampolla d'aigua o el paraigua</p>

<p>La motxilla Elit Slim incorpora un compartiment únic i segur per a guardar portàtils de fins a 14”. A la part davantera té un compartiment perfecte per a guardar llibres, accessoris i més. Fàcil i còmoda de portar en el dia a dia de l'estudiant.</p>

La mochila Elite Slim incorpora un compartimiento único y seguro para guardar portátiles de hasta 14”. En la parte delantera tiene un compartimiento perfecto para guardar libros, accesorios más. Fácil y cómoda de llevar en el día a día del estudiante.
