{"id":3,"date":"2019-01-21T11:37:03","date_gmt":"2019-01-21T11:37:03","guid":{"rendered":"http:\/\/educacion.ietres.com\/?page_id=3"},"modified":"2021-02-02T10:03:30","modified_gmt":"2021-02-02T09:03:30","slug":"privacidad","status":"publish","type":"page","link":"https:\/\/educacion.ietres.com\/ca\/privacidad\/","title":{"rendered":"Pol\u00edtica de privacitat"},"content":{"rendered":"<p class=\"b40f379a2-0b86-4122-949f-066eb2f1ddfb\">Aquesta secci\u00f3 descriu les dades personals recopilades o generades (tractades) quan vost\u00e8 fa servir la p\u00e0gina web educacion.ietres.com. Tamb\u00e9 s\u2019explica com s\u2019utilitzen, comparteixen i protegeixen les vostres dades personals, quines opcions tenen relaci\u00f3 amb elles i com podeu posar-vos en contacte amb nosaltres.<\/p>\n\n\n\n<p class=\"b02333e25-f213-41a7-a502-77c9bb173b8c\">Tanmateix, l'informem que per a la utilitzaci\u00f3 del nostre lloc web \u00e9s necessari la utilitzaci\u00f3 de cookies. Les cookies s\u00f3n petits arxius de text que es col\u00b7loquen en el seu equip per a emmagatzemar informaci\u00f3 diversa sobre Vost\u00e8 i les seves prefer\u00e8ncies.<\/p>\n\n\n\n<p class=\"b093fc108-84ab-470f-a19e-e32bace554c4\">Si vost\u00e8 ho desitja, pot configurar el seu navegador per a ser avisat en pantalla de la recepci\u00f3 de cookies en el seu disc dur. Pot ampliar aquesta informaci\u00f3, consultant l'apartat\u00a0<a href=\"https:\/\/educacion.ietres.com\/cookies\/\">Cookies<\/a>\u00a0al peu del web.<\/p>\n\n\n\n<div style=\"height:50px\" aria-hidden=\"true\" class=\"wp-block-spacer  b96012ed9-fce9-4980-864e-9693e156992e\"><\/div>\n\n\n\n<h3 class=\"b27c64d30-f2e0-42a2-88fd-6a306fa17624\">Qui \u00e9s el responsable del tractament de les seves dades personals?<\/h3>\n\n\n\n<p class=\"b50bbcae7-b9f7-4691-af73-c2c5cc5c9757\">El responsable \u00e9s Support and Technology, SL (\u201cietres\u201d) amb domicili en carrer \u00c0laba, 51, Planta 1a, Locals 4 i 5, 08005 Barcelona i CIF: B61054755.<\/p>\n\n\n\n<div style=\"height:50px\" aria-hidden=\"true\" class=\"wp-block-spacer  b560420d0-2a3e-4e27-b393-98828addceb0\"><\/div>\n\n\n\n<h3 class=\"b7d1b03ea-1ccc-434e-8742-1afc25cdcf85\">Regulacions legals a les quals s'acull aquest web<\/h3>\n\n\n\n<p class=\"b1497da26-b3dd-401b-b614-14874434bdf0\">ietres es compromet al compliment de la seva obligaci\u00f3 de secret de les dades de car\u00e0cter personal i del seu deure de tractar-los amb confidencialitat i assumeix, a aquest efecte, les mesures d'\u00edndole t\u00e8cnica, organitzativa i de seguretat necess\u00e0ries per a evitar la seva alteraci\u00f3, p\u00e8rdua, tractament o acc\u00e9s no autoritzat, d'acord amb el que s'estableix en la Llei org\u00e0nica 15\/1999, de 13 de desembre, de Protecci\u00f3 de Dades de Car\u00e0cter Personal, i al Reial decret 1720\/2007, de 21 de desembre, conegut com el Reglament de desenvolupament de la LOPD i tamb\u00e9 amb el Reglament (UE) 2016\/679 del Parlament Europeu i del Consell de 27 d'abril de 2016 relatiu a la protecci\u00f3 de les persones f\u00edsiques (RGPD) i altra legislaci\u00f3 aplicable.<\/p>\n\n\n\n<div style=\"height:50px\" aria-hidden=\"true\" class=\"wp-block-spacer  b3d917654-428e-4f5b-ab5c-755977ad2903\"><\/div>\n\n\n\n<h3 class=\"b82831a95-7ae4-4794-8acd-f7139ecd1d34\">Com obtenim les seves dades personals?<\/h3>\n\n\n\n<p class=\"bab888470-3267-4827-90fe-732946b0d721\">Les seves dades de car\u00e0cter personal s\u00f3n obtingudes en sol\u00b7licitar vost\u00e8 que li remetem informaci\u00f3 sobre els nostres productes i\/o serveis.<\/p>\n\n\n\n<div style=\"height:50px\" aria-hidden=\"true\" class=\"wp-block-spacer  bb30807d4-9f0d-48cb-bd81-01c66d987640\"><\/div>\n\n\n\n<h3 class=\"b1a537db6-219d-450c-be53-928b9f107592\">Quines dades personals tractem?<\/h3>\n\n\n\n<p class=\"b6ac54240-1d56-4d2c-81b4-8bc64e36fa2d\">Tractarem amb les seg\u00fcents dades: nom i cognoms, tel\u00e8fon, correu electr\u00f2nic, adre\u00e7a de facturaci\u00f3 i adre\u00e7a d'enviament<\/p>\n\n\n\n<div style=\"height:50px\" aria-hidden=\"true\" class=\"wp-block-spacer  baf71c325-b48a-42c6-ae64-b5b16a296081\"><\/div>\n\n\n\n<h3 class=\"ba6d7ad81-0fad-420a-8166-2761e9b3f85d\">Amb quina finalitat i quan tractarem les seves dades personals?<\/h3>\n\n\n\n<p class=\"ba7a1cabf-c790-41c9-84fe-40a3a756bdce\">La informaci\u00f3 que es recaptar\u00e0 en diferents formularis de la web s'usen per a comunicar-nos amb Vost\u00e8s i facilitar-li m\u00e9s informaci\u00f3 sobre els productes i\/o serveis que oferim.<\/p>\n\n\n\n<p class=\"b8e86ac18-2852-4eae-a47c-375104ebd579\"><strong>Formulari de venda:<\/strong>&nbsp;Es requeriran dades de contacte i de pagament. Sol\u00b7licitem les seg\u00fcents dades personals: nom, cognoms, ra\u00f3 social, CIF\/NIF, tel\u00e8fon, email, adre\u00e7a d'enviament i dades de facturaci\u00f3.<\/p>\n\n\n\n<p class=\"b22d52e40-7b2d-4e17-aebb-1d30907e3641\">Formulari de registre: Les dades personals que s\u00f3n sol\u00b7licitades per a gestionar l'alta de registre del vostre compte a la nostra web s\u00f3n: nom, cognoms, tel\u00e8fon, correu electr\u00f2nic i codi d'acc\u00e9s (contrasenya). <\/p>\n\n\n\n<div style=\"height:50px\" aria-hidden=\"true\" class=\"wp-block-spacer  b65583995-0e18-4a71-9403-2c5d02fb1da6\"><\/div>\n\n\n\n<h3 class=\"b4aceb540-27cf-4b09-9e6c-5ae45bce08e5\">Quins s\u00f3n els seus drets quan facilita les seves dades?<\/h3>\n\n\n\n<p class=\"b2463acff-03d1-4b0a-a6cd-6cf7fffbcbe3\">Qualsevol persona interessada t\u00e9 dret a:<\/p>\n\n\n\n<ul class=\"bce66042e-0f8a-4b86-9029-3ec072fc50a2\"><li>Sol\u00b7licitar l'acc\u00e9s a les dades personals recaptades relatives a l'interessat (dret d'acc\u00e9s).<\/li><li>Gestionar la seva modificaci\u00f3 (dret de rectificaci\u00f3) o supressi\u00f3 (dret de supressi\u00f3).<\/li><li>Requerir que no es tractin les seves dades personals (dret d'oposici\u00f3).<\/li><li>Demanar la limitaci\u00f3 del tractament de les seves dades personals en els sup\u00f2sits permesos (dret a la limitaci\u00f3 del tractament).<\/li><li>Sol\u00b7licitar la portabilitat de les dades personals, en format electr\u00f2nic, a una altra empresa o entitat (dret de portabilitat).<\/li><\/ul>\n\n\n\n<p class=\"b94979424-e40f-4518-bced-8d6324acf63a\">Si desitja exercir algun d'aquests drets, haur\u00e0 de comunicar-ho a SUPPORT AND TECHNOLOGY SL, mitjan\u00e7ant l'enviament d'un correu electr\u00f2nic a l'adre\u00e7a&nbsp;<a href=\"mailto:rgpd@ie3.com\">rgpd@ie3.com<\/a>, tot adjuntant una c\u00f2pia d'un document acreditatiu de la seva identitat.<\/p>\n\n\n\n<div style=\"height:50px\" aria-hidden=\"true\" class=\"wp-block-spacer  b96f42cff-cfa6-4918-86d0-3cd0b0970c2a\"><\/div>\n\n\n\n<h3 class=\"bb4be93d2-76a9-49fa-b17a-d6d8490b51ce\">Per quant temps es conservaran les seves dades?<\/h3>\n\n\n\n<p class=\"b439f2d2d-2707-4241-b607-3bc8df92bc66\">Les dades personals proporcionades es conservaran:<\/p>\n\n\n\n<ul class=\"b565cddbe-1c9d-4f21-abc6-1e04ad35b0bf\"><li>Mentre siguin necess\u00e0ries per a la gesti\u00f3 de les sol\u00b7licituds d'informaci\u00f3 i la gesti\u00f3 de comandes<\/li><li>No se sol\u00b7liciti la seva supressi\u00f3 per part de l'interessat.<\/li><\/ul>\n\n\n\n<div style=\"height:50px\" aria-hidden=\"true\" class=\"wp-block-spacer  bf8027d0b-ed74-4fd6-bba5-665223f03e9d\"><\/div>\n\n\n\n<h3 class=\"be313579a-dc90-45a8-b1ad-cec722572690\">Acceptaci\u00f3 i consentiment<\/h3>\n\n\n\n<p class=\"b54370dff-87d8-4f13-bde3-83ea9917b11e\">Aquesta Pol\u00edtica de Privacitat podria variar en funci\u00f3 d'exig\u00e8ncies legislatives o d'autoregulaci\u00f3, per la qual cosa aconsellem revisar-la peri\u00f2dicament. Ser\u00e0 aplicable en cas que els usuaris decideixin emplenar qualsevol dels formularis de contacte on es recaptin dades de car\u00e0cter personal.<\/p>\n\n\n\n<div style=\"height:90px\" aria-hidden=\"true\" class=\"wp-block-spacer  bf8027d0b-ed74-4fd6-bba5-665223f03e9d\"><\/div>","protected":false},"excerpt":{"rendered":"<p>Esta secci\u00f3n describe los datos personales recopilados o generados (tratados) cuando usted utiliza la p\u00e1gina web educacion.ietres.com. Tambi\u00e9n explica c\u00f3mo se utilizan, comparten y protegen sus datos personales, qu\u00e9 opciones tiene en relaci\u00f3n con ellos y c\u00f3mo puede ponerse en &hellip;<\/p>\n<p class=\"read-more\"> <a class=\"ast-button\" href=\"https:\/\/educacion.ietres.com\/ca\/privacidad\/\"> <span class=\"screen-reader-text\">Pol\u00edtica de privacitat<\/span> Read More \u00bb<\/a><\/p>","protected":false},"author":1,"featured_media":0,"parent":0,"menu_order":0,"comment_status":"closed","ping_status":"open","template":"","meta":{"_uag_custom_page_level_css":"","site-sidebar-layout":"default","site-content-layout":"default","ast-global-header-display":"","ast-main-header-display":"","ast-hfb-above-header-display":"","ast-hfb-below-header-display":"","ast-hfb-mobile-header-display":"","site-post-title":"","ast-breadcrumbs-content":"","ast-featured-img":"","footer-sml-layout":"","theme-transparent-header-meta":"","adv-header-id-meta":"","stick-header-meta":"","header-above-stick-meta":"","header-main-stick-meta":"","header-below-stick-meta":""},"uagb_featured_image_src":{"full":false,"thumbnail":false,"medium":false,"medium_large":false,"large":false,"1536x1536":false,"2048x2048":false,"trp-custom-language-flag":false,"woocommerce_thumbnail":false,"woocommerce_single":false,"woocommerce_gallery_thumbnail":false},"uagb_author_info":{"display_name":"David","author_link":"https:\/\/educacion.ietres.com\/ca\/author\/dmurillo\/"},"uagb_comment_info":0,"uagb_excerpt":"Esta secci\u00f3n describe los datos personales recopilados o generados (tratados) cuando usted utiliza la p\u00e1gina web educacion.ietres.com. Tambi\u00e9n explica c\u00f3mo se utilizan, comparten y protegen sus datos personales, qu\u00e9 opciones tiene en relaci\u00f3n con ellos y c\u00f3mo puede ponerse en &hellip; Pol\u00edtica de privacidad Read More \u00bb","_links":{"self":[{"href":"https:\/\/educacion.ietres.com\/ca\/wp-json\/wp\/v2\/pages\/3"}],"collection":[{"href":"https:\/\/educacion.ietres.com\/ca\/wp-json\/wp\/v2\/pages"}],"about":[{"href":"https:\/\/educacion.ietres.com\/ca\/wp-json\/wp\/v2\/types\/page"}],"author":[{"embeddable":true,"href":"https:\/\/educacion.ietres.com\/ca\/wp-json\/wp\/v2\/users\/1"}],"replies":[{"embeddable":true,"href":"https:\/\/educacion.ietres.com\/ca\/wp-json\/wp\/v2\/comments?post=3"}],"version-history":[{"count":8,"href":"https:\/\/educacion.ietres.com\/ca\/wp-json\/wp\/v2\/pages\/3\/revisions"}],"predecessor-version":[{"id":4528,"href":"https:\/\/educacion.ietres.com\/ca\/wp-json\/wp\/v2\/pages\/3\/revisions\/4528"}],"wp:attachment":[{"href":"https:\/\/educacion.ietres.com\/ca\/wp-json\/wp\/v2\/media?parent=3"}],"curies":[{"name":"wp","href":"https:\/\/api.w.org\/{rel}","templated":true}]}}

Política de privacitat

<p class="b40f379a2-0b86-4122-949f-066eb2f1ddfb">Aquesta secció descriu les dades personals recopilades o generades (tractades) quan vostè fa servir la pàgina web educacion.ietres.com. També s’explica com s’utilitzen, comparteixen i protegeixen les vostres dades personals, quines opcions tenen relació amb elles i com podeu posar-vos en contacte amb nosaltres.</p>



<p class="b02333e25-f213-41a7-a502-77c9bb173b8c">Tanmateix, l'informem que per a la utilització del nostre lloc web és necessari la utilització de cookies. Les cookies són petits arxius de text que es col·loquen en el seu equip per a emmagatzemar informació diversa sobre Vostè i les seves preferències.</p>



<p class="b093fc108-84ab-470f-a19e-e32bace554c4">Si vostè ho desitja, pot configurar el seu navegador per a ser avisat en pantalla de la recepció de cookies en el seu disc dur. Pot ampliar aquesta informació, consultant l'apartat <a href="https://educacion.ietres.com/cookies/">Cookies</a> al peu del web.</p>



<div style="height:50px" aria-hidden="true" class="wp-block-spacer  b96012ed9-fce9-4980-864e-9693e156992e"></div>



<h3 class="b27c64d30-f2e0-42a2-88fd-6a306fa17624">Qui és el responsable del tractament de les seves dades personals?</h3>



<p class="b50bbcae7-b9f7-4691-af73-c2c5cc5c9757">El responsable és Support and Technology, SL (“ietres”) amb domicili en carrer Àlaba, 51, Planta 1a, Locals 4 i 5, 08005 Barcelona i CIF: B61054755.</p>



<div style="height:50px" aria-hidden="true" class="wp-block-spacer  b560420d0-2a3e-4e27-b393-98828addceb0"></div>



<h3 class="b7d1b03ea-1ccc-434e-8742-1afc25cdcf85">Regulacions legals a les quals s'acull aquest web</h3>



<p class="b1497da26-b3dd-401b-b614-14874434bdf0">ietres es compromet al compliment de la seva obligació de secret de les dades de caràcter personal i del seu deure de tractar-los amb confidencialitat i assumeix, a aquest efecte, les mesures d'índole tècnica, organitzativa i de seguretat necessàries per a evitar la seva alteració, pèrdua, tractament o accés no autoritzat, d'acord amb el que s'estableix en la Llei orgànica 15/1999, de 13 de desembre, de Protecció de Dades de Caràcter Personal, i al Reial decret 1720/2007, de 21 de desembre, conegut com el Reglament de desenvolupament de la LOPD i també amb el Reglament (UE) 2016/679 del Parlament Europeu i del Consell de 27 d'abril de 2016 relatiu a la protecció de les persones físiques (RGPD) i altra legislació aplicable.</p>



<div style="height:50px" aria-hidden="true" class="wp-block-spacer  b3d917654-428e-4f5b-ab5c-755977ad2903"></div>



<h3 class="b82831a95-7ae4-4794-8acd-f7139ecd1d34">Com obtenim les seves dades personals?</h3>



<p class="bab888470-3267-4827-90fe-732946b0d721">Les seves dades de caràcter personal són obtingudes en sol·licitar vostè que li remetem informació sobre els nostres productes i/o serveis.</p>



<div style="height:50px" aria-hidden="true" class="wp-block-spacer  bb30807d4-9f0d-48cb-bd81-01c66d987640"></div>



<h3 class="b1a537db6-219d-450c-be53-928b9f107592">Quines dades personals tractem?</h3>



<p class="b6ac54240-1d56-4d2c-81b4-8bc64e36fa2d">Tractarem amb les següents dades: nom i cognoms, telèfon, correu electrònic, adreça de facturació i adreça d'enviament</p>



<div style="height:50px" aria-hidden="true" class="wp-block-spacer  baf71c325-b48a-42c6-ae64-b5b16a296081"></div>



<h3 class="ba6d7ad81-0fad-420a-8166-2761e9b3f85d">Amb quina finalitat i quan tractarem les seves dades personals?</h3>



<p class="ba7a1cabf-c790-41c9-84fe-40a3a756bdce">La informació que es recaptarà en diferents formularis de la web s'usen per a comunicar-nos amb Vostès i facilitar-li més informació sobre els productes i/o serveis que oferim.</p>



<p class="b8e86ac18-2852-4eae-a47c-375104ebd579"><strong>Formulari de venda:</strong>&nbsp;Es requeriran dades de contacte i de pagament. Sol·licitem les següents dades personals: nom, cognoms, raó social, CIF/NIF, telèfon, email, adreça d'enviament i dades de facturació.</p>



<p class="b22d52e40-7b2d-4e17-aebb-1d30907e3641">Formulari de registre: Les dades personals que són sol·licitades per a gestionar l'alta de registre del vostre compte a la nostra web són: nom, cognoms, telèfon, correu electrònic i codi d'accés (contrasenya). </p>



<div style="height:50px" aria-hidden="true" class="wp-block-spacer  b65583995-0e18-4a71-9403-2c5d02fb1da6"></div>



<h3 class="b4aceb540-27cf-4b09-9e6c-5ae45bce08e5">Quins són els seus drets quan facilita les seves dades?</h3>



<p class="b2463acff-03d1-4b0a-a6cd-6cf7fffbcbe3">Qualsevol persona interessada té dret a:</p>



<ul class="bce66042e-0f8a-4b86-9029-3ec072fc50a2"><li>Sol·licitar l'accés a les dades personals recaptades relatives a l'interessat (dret d'accés).</li><li>Gestionar la seva modificació (dret de rectificació) o supressió (dret de supressió).</li><li>Requerir que no es tractin les seves dades personals (dret d'oposició).</li><li>Demanar la limitació del tractament de les seves dades personals en els supòsits permesos (dret a la limitació del tractament).</li><li>Sol·licitar la portabilitat de les dades personals, en format electrònic, a una altra empresa o entitat (dret de portabilitat).</li></ul>



<p class="b94979424-e40f-4518-bced-8d6324acf63a">Si desitja exercir algun d'aquests drets, haurà de comunicar-ho a SUPPORT AND TECHNOLOGY SL, mitjançant l'enviament d'un correu electrònic a l'adreça&nbsp;<a href="mailto:rgpd@ie3.com">rgpd@ie3.com</a>, tot adjuntant una còpia d'un document acreditatiu de la seva identitat.</p>



<div style="height:50px" aria-hidden="true" class="wp-block-spacer  b96f42cff-cfa6-4918-86d0-3cd0b0970c2a"></div>



<h3 class="bb4be93d2-76a9-49fa-b17a-d6d8490b51ce">Per quant temps es conservaran les seves dades?</h3>



<p class="b439f2d2d-2707-4241-b607-3bc8df92bc66">Les dades personals proporcionades es conservaran:</p>



<ul class="b565cddbe-1c9d-4f21-abc6-1e04ad35b0bf"><li>Mentre siguin necessàries per a la gestió de les sol·licituds d'informació i la gestió de comandes</li><li>No se sol·liciti la seva supressió per part de l'interessat.</li></ul>



<div style="height:50px" aria-hidden="true" class="wp-block-spacer  bf8027d0b-ed74-4fd6-bba5-665223f03e9d"></div>



<h3 class="be313579a-dc90-45a8-b1ad-cec722572690">Acceptació i consentiment</h3>



<p class="b54370dff-87d8-4f13-bde3-83ea9917b11e">Aquesta Política de Privacitat podria variar en funció d'exigències legislatives o d'autoregulació, per la qual cosa aconsellem revisar-la periòdicament. Serà aplicable en cas que els usuaris decideixin emplenar qualsevol dels formularis de contacte on es recaptin dades de caràcter personal.</p>



<div style="height:90px" aria-hidden="true" class="wp-block-spacer  bf8027d0b-ed74-4fd6-bba5-665223f03e9d"></div>

<p>Esta sección describe los datos personales recopilados o generados (tratados) cuando usted utiliza la página web educacion.ietres.com. También explica cómo se utilizan, comparten y protegen sus datos personales, qué opciones tiene en relación con ellos y cómo puede ponerse en &hellip;</p>
<p class="read-more"> <a class="ast-button" href="https://educacion.ietres.com/ca/privacidad/"> <span class="screen-reader-text">Política de privacitat</span> Read More »</a></p>

Esta sección describe los datos personales recopilados o generados (tratados) cuando usted utiliza la página web educacion.ietres.com. También explica cómo se utilizan, comparten y protegen sus datos personales, qué opciones tiene en relación con ellos y cómo puede ponerse en &hellip; Política de privacidad Read More »
